{"id":100,"date":"2025-07-05T12:59:19","date_gmt":"2025-07-05T12:59:19","guid":{"rendered":"http:\/\/trialtoursportugal.com\/?page_id=100"},"modified":"2026-01-13T09:24:36","modified_gmt":"2026-01-13T09:24:36","slug":"inscription-et-tarifs","status":"publish","type":"page","link":"https:\/\/trialtoursportugal.com\/?page_id=100","title":{"rendered":"Inscription et tarifs"},"content":{"rendered":"\n<div class=\"wp-block-cover\"><img loading=\"lazy\" decoding=\"async\" width=\"1024\" height=\"576\" class=\"wp-block-cover__image-background wp-image-276 size-large\" alt=\"\" src=\"https:\/\/trialtoursportugal.com\/wp-content\/uploads\/2025\/07\/cropped-cropped-IMG-20250703-WA0019-1-1024x576.jpg\" data-object-fit=\"cover\" srcset=\"https:\/\/trialtoursportugal.com\/wp-content\/uploads\/2025\/07\/cropped-cropped-IMG-20250703-WA0019-1-1024x576.jpg 1024w, https:\/\/trialtoursportugal.com\/wp-content\/uploads\/2025\/07\/cropped-cropped-IMG-20250703-WA0019-1-300x169.jpg 300w, https:\/\/trialtoursportugal.com\/wp-content\/uploads\/2025\/07\/cropped-cropped-IMG-20250703-WA0019-1-768x432.jpg 768w, https:\/\/trialtoursportugal.com\/wp-content\/uploads\/2025\/07\/cropped-cropped-IMG-20250703-WA0019-1.jpg 1531w\" sizes=\"auto, (max-width: 1024px) 100vw, 1024px\" \/><span aria-hidden=\"true\" class=\"wp-block-cover__background has-background-dim-20 has-background-dim\" style=\"background-color:#816e4c\"><\/span><div class=\"wp-block-cover__inner-container is-layout-constrained wp-block-cover-is-layout-constrained\">\n<p class=\"has-text-align-center has-large-font-size\"><\/p>\n<\/div><\/div>\n\n\n\n<p><\/p>\n\n\n\n<p><\/p>\n\n\n\n<p><\/p>\n\n\n\n<p class=\"has-text-align-center\"><strong><mark style=\"background-color:rgba(0, 0, 0, 0)\" class=\"has-inline-color has-white-color\">Le forfait Trial Tours Portugal, comprend:<\/mark><\/strong><\/p>\n\n\n\n<ul class=\"wp-block-list\">\n<li><mark style=\"background-color:rgba(0, 0, 0, 0)\" class=\"has-inline-color has-white-color\">Les transferts a\u00e9roport\/h\u00f4tel<\/mark><\/li>\n\n\n\n<li><mark style=\"background-color:rgba(0, 0, 0, 0)\" class=\"has-inline-color has-white-color\">Les transferts pour les roulages:  d\u00e9part de l&#8217;h\u00f4tel vers 8h30, retour vers 18h00<\/mark><\/li>\n\n\n\n<li><mark style=\"background-color:rgba(0, 0, 0, 0)\" class=\"has-inline-color has-white-color\">La location de la moto + les \u00e9quipements complets + carburant + assistance m\u00e9canique<\/mark><\/li>\n\n\n\n<li><mark style=\"background-color:rgba(0, 0, 0, 0)\" class=\"has-inline-color has-white-color\">L&#8217; encadrement par Thomas, moniteur dipl\u00f4m\u00e9<\/mark><\/li>\n\n\n\n<li><mark style=\"background-color:rgba(0, 0, 0, 0)\" class=\"has-inline-color has-white-color\">Le d\u00e9jeuner<\/mark><\/li>\n<\/ul>\n\n\n\n<p class=\"has-text-align-center\"><\/p>\n\n\n\n<p><\/p>\n\n\n\n<p class=\"has-text-align-center\"><strong><mark style=\"background-color:rgba(0, 0, 0, 0)\" class=\"has-inline-color has-white-color\">Ce que vous devez poss\u00e9der :<\/mark><\/strong><\/p>\n\n\n\n<ul class=\"wp-block-list\">\n<li><mark style=\"background-color:rgba(0, 0, 0, 0)\" class=\"has-inline-color has-white-color\">Permis moto<\/mark><\/li>\n\n\n\n<li><mark style=\"background-color:rgba(0, 0, 0, 0)\" class=\"has-inline-color has-white-color\">Passeport ou carte d&#8217;identit\u00e9<\/mark><\/li>\n\n\n\n<li><mark style=\"background-color:rgba(0, 0, 0, 0)\" class=\"has-inline-color has-white-color\">Une assurance corporelle individuelle et une responsabilit\u00e9 civile<\/mark><\/li>\n\n\n\n<li><mark style=\"background-color:rgba(0, 0, 0, 0)\" class=\"has-inline-color has-white-color\">Carte europ\u00e9enne d&#8217;assurance maladie<\/mark><\/li>\n<\/ul>\n\n\n\n<p><\/p>\n\n\n\n<p><\/p>\n\n\n\n<div class=\"wp-block-media-text is-stacked-on-mobile\" style=\"grid-template-columns:21% auto\"><figure class=\"wp-block-media-text__media\"><img loading=\"lazy\" decoding=\"async\" width=\"179\" height=\"120\" src=\"https:\/\/trialtoursportugal.com\/wp-content\/uploads\/2025\/07\/logo-ok.png\" alt=\"\" class=\"wp-image-7 size-full\"\/><\/figure><div class=\"wp-block-media-text__content\">\n<p><strong><mark style=\"background-color:rgba(0, 0, 0, 0)\" class=\"has-inline-color has-white-color\">Tarif de 4 \u00e0 6 personnes : 250 \u20ac TTC \/ jour \/ pilote<\/mark><\/strong><\/p>\n\n\n\n<p><strong><mark style=\"background-color:rgba(0, 0, 0, 0)\" class=\"has-inline-color has-white-color\">Tarif de 2 \u00e0 3 personnes : 300 \u20ac TTC \/ jour \/ pilote<\/mark><\/strong><\/p>\n<\/div><\/div>\n\n\n\n<p class=\"has-text-align-center\"><\/p>\n\n\n\n<p class=\"has-text-align-center\"><\/p>\n\n\n\n<p><\/p>\n\n\n\n<p class=\"has-text-align-center\"><mark style=\"background-color:rgba(0, 0, 0, 0)\" class=\"has-inline-color has-white-color\">\u00c0 votre charge : vols aller-retour, h\u00f4tel, petits-d\u00e9jeuners et d\u00eeners<\/mark><\/p>\n\n\n\n<p><\/p>\n\n\n\n<div class=\"wp-block-file aligncenter\"><a id=\"wp-block-file--media-c294f7d2-10f3-4bdf-88f3-88ef892d275c\" href=\"https:\/\/trialtoursportugal.com\/wp-content\/uploads\/2025\/07\/inscription-portugal.jpg\">Fiche d&#8217;inscription<\/a><a href=\"https:\/\/trialtoursportugal.com\/wp-content\/uploads\/2025\/07\/inscription-portugal.jpg\" class=\"wp-block-file__button wp-element-button\" download aria-describedby=\"wp-block-file--media-c294f7d2-10f3-4bdf-88f3-88ef892d275c\">Download<\/a><\/div>\n\n\n\n<p><\/p>\n\n\n\n<p class=\"has-text-align-center has-normal-font-size\"><\/p>\n\n\n\n<p class=\"has-text-align-center has-normal-font-size\"><\/p>\n\n\n\n<p class=\"has-text-align-center has-normal-font-size\"><\/p>\n\n\n\n<p class=\"has-text-align-center has-normal-font-size\"><\/p>\n\n\n\n<p><\/p>\n\n\n\n<p><\/p>\n\n\n\n<p class=\"has-text-align-center\"><\/p>\n","protected":false},"excerpt":{"rendered":"<p>Le forfait Trial Tours Portugal, comprend: Ce que vous devez poss\u00e9der : Tarif de 4 \u00e0 6 personnes : 250 \u20ac TTC \/ jour \/ pilote Tarif de 2 \u00e0<\/p>\n<p class=\"more-link\"><a href=\"https:\/\/trialtoursportugal.com\/?page_id=100\" class=\"readmore\">Continue reading<svg class=\"icon icon-arrow-right\" aria-hidden=\"true\" role=\"img\"> <use href=\"#icon-arrow-right\" xlink:href=\"#icon-arrow-right\"><\/use> <\/svg><span class=\"screen-reader-text\">Inscription et tarifs<\/span><\/a><\/p>\n","protected":false},"author":1,"featured_media":0,"parent":0,"menu_order":0,"comment_status":"closed","ping_status":"closed","template":"","meta":{"footnotes":""},"class_list":["post-100","page","type-page","status-publish","hentry"],"_links":{"self":[{"href":"https:\/\/trialtoursportugal.com\/index.php?rest_route=\/wp\/v2\/pages\/100","targetHints":{"allow":["GET"]}}],"collection":[{"href":"https:\/\/trialtoursportugal.com\/index.php?rest_route=\/wp\/v2\/pages"}],"about":[{"href":"https:\/\/trialtoursportugal.com\/index.php?rest_route=\/wp\/v2\/types\/page"}],"author":[{"embeddable":true,"href":"https:\/\/trialtoursportugal.com\/index.php?rest_route=\/wp\/v2\/users\/1"}],"replies":[{"embeddable":true,"href":"https:\/\/trialtoursportugal.com\/index.php?rest_route=%2Fwp%2Fv2%2Fcomments&post=100"}],"version-history":[{"count":26,"href":"https:\/\/trialtoursportugal.com\/index.php?rest_route=\/wp\/v2\/pages\/100\/revisions"}],"predecessor-version":[{"id":690,"href":"https:\/\/trialtoursportugal.com\/index.php?rest_route=\/wp\/v2\/pages\/100\/revisions\/690"}],"wp:attachment":[{"href":"https:\/\/trialtoursportugal.com\/index.php?rest_route=%2Fwp%2Fv2%2Fmedia&parent=100"}],"curies":[{"name":"wp","href":"https:\/\/api.w.org\/{rel}","templated":true}]}}