{"id":34,"date":"2025-07-05T10:13:59","date_gmt":"2025-07-05T10:13:59","guid":{"rendered":"http:\/\/trialtoursportugal.com\/?page_id=34"},"modified":"2026-01-09T15:10:28","modified_gmt":"2026-01-09T15:10:28","slug":"notre-histoire","status":"publish","type":"page","link":"https:\/\/trialtoursportugal.com\/?page_id=34","title":{"rendered":"Notre histoire"},"content":{"rendered":"\n<p><\/p>\n\n\n<div class=\"wp-block-image\">\n<figure class=\"aligncenter size-large is-resized\"><img loading=\"lazy\" decoding=\"async\" width=\"813\" height=\"1024\" src=\"https:\/\/trialtoursportugal.com\/wp-content\/uploads\/2025\/07\/IMG-20250703-WA0054-1-813x1024.jpg\" alt=\"\" class=\"wp-image-334\" style=\"width:389px;height:auto\" srcset=\"https:\/\/trialtoursportugal.com\/wp-content\/uploads\/2025\/07\/IMG-20250703-WA0054-1-813x1024.jpg 813w, https:\/\/trialtoursportugal.com\/wp-content\/uploads\/2025\/07\/IMG-20250703-WA0054-1-238x300.jpg 238w, https:\/\/trialtoursportugal.com\/wp-content\/uploads\/2025\/07\/IMG-20250703-WA0054-1-768x967.jpg 768w, https:\/\/trialtoursportugal.com\/wp-content\/uploads\/2025\/07\/IMG-20250703-WA0054-1-1219x1536.jpg 1219w, https:\/\/trialtoursportugal.com\/wp-content\/uploads\/2025\/07\/IMG-20250703-WA0054-1.jpg 1232w\" sizes=\"auto, (max-width: 813px) 100vw, 813px\" \/><\/figure>\n<\/div>\n\n\n<p class=\"has-text-align-center\"><mark style=\"background-color:rgba(0, 0, 0, 0)\" class=\"has-inline-color has-white-color\">Notre histoire, une histoire de famille&nbsp;<\/mark><\/p>\n\n\n\n<p class=\"has-text-align-center\"><mark style=\"background-color:rgba(0, 0, 0, 0)\" class=\"has-inline-color has-white-color\">Apr\u00e8s la reprise de la soci\u00e9t\u00e9 Motos 88, nous nous sommes lanc\u00e9s dans une nouvelle aventure &#8230;<br>Le d\u00e9veloppement de notre activit\u00e9 moto au-del\u00e0 de la France et s&#8217;\u00e9vader au Portugal&nbsp;<\/mark><\/p>\n\n\n\n<p class=\"has-text-align-center\"><mark style=\"background-color:rgba(0, 0, 0, 0)\" class=\"has-inline-color has-white-color\">Amoureux du pays, de la libert\u00e9 et de la bienveillance qui y r\u00e8gnent, nous sommes heureux de vous faire voyager et de vous faire partager cette belle aventure.<\/mark><\/p>\n\n\n\n<p class=\"has-text-align-center\"><strong><mark style=\"background-color:rgba(0, 0, 0, 0)\" class=\"has-inline-color has-white-color\">&nbsp;<\/mark><\/strong><a href=\"https:\/\/www.facebook.com\/profile.php?id=61578676663129&amp;locale=fr_FR\">Trial Tours Portugal <\/a><\/p>\n\n\n\n<p class=\"has-text-align-center\"><mark style=\"background-color:rgba(0, 0, 0, 0)\" class=\"has-inline-color has-white-color\">Laissez-vous guider pour une ou plusieurs journ\u00e9es de randonn\u00e9es \u00e0 moto Trial en plein c\u0153ur du v\u00e9ritable et authentique Portugal.<\/mark><\/p>\n\n\n\n<p class=\"has-text-align-center\"><mark style=\"background-color:rgba(0, 0, 0, 0)\" class=\"has-inline-color has-white-color\">Nos motos Trial sont \u00e9quip\u00e9es de selles pour votre plus grand confort&nbsp;.<\/mark><\/p>\n\n\n\n<p class=\"has-text-align-center\"><mark style=\"background-color:rgba(0, 0, 0, 0)\" class=\"has-inline-color has-white-color\">Un vrai bonheur de rouler en toute libert\u00e9 et en toute s\u00e9curit\u00e9 dans un cadre magnifique et de d\u00e9guster de bons plats et boissons typiques<\/mark>.<\/p>\n\n\n\n<p>&nbsp;<\/p>\n\n\n\n<p class=\"has-text-align-center\"><strong><mark style=\"background-color:rgba(0, 0, 0, 0)\" class=\"has-inline-color has-white-color\">Une exp\u00e9rience unique&nbsp;<\/mark><\/strong><\/p>\n\n\n\n<p class=\"has-text-align-center\"><\/p>\n","protected":false},"excerpt":{"rendered":"<p>Notre histoire, une histoire de famille&nbsp; Apr\u00e8s la reprise de la soci\u00e9t\u00e9 Motos 88, nous nous sommes lanc\u00e9s dans une nouvelle aventure &#8230;Le d\u00e9veloppement de notre activit\u00e9 moto au-del\u00e0 de<\/p>\n<p class=\"more-link\"><a href=\"https:\/\/trialtoursportugal.com\/?page_id=34\" class=\"readmore\">Continue reading<svg class=\"icon icon-arrow-right\" aria-hidden=\"true\" role=\"img\"> <use href=\"#icon-arrow-right\" xlink:href=\"#icon-arrow-right\"><\/use> <\/svg><span class=\"screen-reader-text\">Notre histoire<\/span><\/a><\/p>\n","protected":false},"author":1,"featured_media":0,"parent":0,"menu_order":2,"comment_status":"closed","ping_status":"closed","template":"","meta":{"footnotes":""},"class_list":["post-34","page","type-page","status-publish","hentry"],"_links":{"self":[{"href":"https:\/\/trialtoursportugal.com\/index.php?rest_route=\/wp\/v2\/pages\/34","targetHints":{"allow":["GET"]}}],"collection":[{"href":"https:\/\/trialtoursportugal.com\/index.php?rest_route=\/wp\/v2\/pages"}],"about":[{"href":"https:\/\/trialtoursportugal.com\/index.php?rest_route=\/wp\/v2\/types\/page"}],"author":[{"embeddable":true,"href":"https:\/\/trialtoursportugal.com\/index.php?rest_route=\/wp\/v2\/users\/1"}],"replies":[{"embeddable":true,"href":"https:\/\/trialtoursportugal.com\/index.php?rest_route=%2Fwp%2Fv2%2Fcomments&post=34"}],"version-history":[{"count":27,"href":"https:\/\/trialtoursportugal.com\/index.php?rest_route=\/wp\/v2\/pages\/34\/revisions"}],"predecessor-version":[{"id":594,"href":"https:\/\/trialtoursportugal.com\/index.php?rest_route=\/wp\/v2\/pages\/34\/revisions\/594"}],"wp:attachment":[{"href":"https:\/\/trialtoursportugal.com\/index.php?rest_route=%2Fwp%2Fv2%2Fmedia&parent=34"}],"curies":[{"name":"wp","href":"https:\/\/api.w.org\/{rel}","templated":true}]}}